(0 - -2) + (-42 - -10) + 5 + 149 + 13.
137
16 - (-5 + 12 + -3 + 2 + -80 + 73)
17
Evaluate -7 - ((-21 - 1) + -911 + 910).
16
Evaluate (-153 - -153) + (0 - 35) + 12.
-23
Calculate (8 - (-1 - -1)) + (-89 - -12) + 111.
42
Evaluate -3638 + 3684 - (-1 + 43).
4
Calculate 7 - 0 - (6 - 3) - (32 + -76 + 13).
35
What is the value of 949 + -1000 + (1 - -47)?
-3
What is the value of 44 - (-2 + -38 + 99)?
-15
Calculate 23 - 2 - (-134 + 142) - -20.
33
Calculate -1097 + 1214 + (0 - 28).
89
What is 571 + -636 - ((0 - -1) + 1 + -14 + 5)?
-58
What is -6 - ((72 - 79) + 8 + -4)?
-3
Evaluate -9 + -46 + (-283 - -364).
26
Calculate (4 - (-4 + 3 - 75)) + -8 + -7.
65
What is 14 - (11 - -14) - -22 - 11?
0
Calculate -27 + 3 + 98 + -58 - (-135 - -5).
146
What is the value of -3 + -3 + 4 - (-26 + -28 + -10 + 198)?
-136
Evaluate -11 + -8 + 3 + (-23 - -6).
-33
Calculate (-12 - -44) + -41 - (-3 - -7).
-13
What is the value of 10 + (7 - 32 - (16 + -32))?
1
Evaluate 11 - (86 - (-11 - ((-11 - -4) + (16 - 17)))).
-78
What is (-1 - -2) + 4 - (-183 + -86 + 302)?
-28
Evaluate (0 - 54) + -3440 + 3554.
60
-17 + (-16 - -24) + 10 + -4 + -5
-8
Evaluate 110 + -177 - -18 - -1.
-48
Calculate 56 + -48 + (-24 - (0 - 17)).
1
(-11 - (60 + -10)) + -173 + 170
-64
-8 - (-13 - ((-8 - (-9 - -3)) + 13))
16
What is the value of 7 + 46 + -34 + -46?
-27
What is the value of -12 - ((-3 + 28 - 22) + (26 - -2))?
-43
What is the value of -618 + 609 + -11 + 98?
78
What is the value of (-13 - (-11 - 0)) + (6 - -1) - -2?
7
Evaluate -27 + (44 - (4 - -26)) - -13.
0
What is 3 + -5 - (5 + 10 - 15) - (3 + 4)?
-9
What is 22 - (-31 - -31 - -13)?
9
What is -28 + (45 - -65) + -45?
37
What is the value of -130 + (-8 - (9 - (0 - (-1 + -11)))) - -2?
-133
What is the value of 9 - (11 + (-1 - ((8 - -5) + -8)))?
4
Evaluate 0 - (3 + -9 - (218 + -284)).
-60
58 - ((11 + -30 - -59) + -8)
26
Calculate 8 + (-53 - -14) + -4 + -2 - (12 + -2).
-47
(84 - (68 + -89)) + -63
42
-1116 + 1110 - (-21 + -1)
16
Calculate 58 - (-118 - -37) - 41.
98
What is -20 + 4 + (-106 - -52) + 23?
-47
Calculate -6 + -7 + 8 + (-2 - -7) + 57.
57
What is the value of 6 + (-1 + -5 - (-31 + 61 - -19)) - -10?
-39
What is -66 - (-94 - -35) - (-3 - 3 - (0 + -3))?
-4
Calculate -14 + 2 + 1 - ((-39 - (-17 + 11)) + -10).
32
What is the value of -59 - (-18 - 9) - -56?
24
Evaluate 166 + -84 + 59 + -104.
37
What is -15 + 5 - (-4 + 21 - (14 + -6 + -2))?
-21
Evaluate 1 + -64 + -2845 + 2892.
-16
Evaluate -128 - -2 - -10 - (-434 - -422).
-104
What is ((1 - 3) + 60 - 1) + -87 + 117 + -29?
58
What is -124 - (-173 - (-120 - -34))?
-37
(6 - (-1 + 1 + 2)) + -271 + 261 + -93
-99
Evaluate 4 + (-70 - -11) - (-1 + 2 - -11).
-67
-85 + (-24 - -9 - (68 - 81))
-87
-23 - (-50 + 21 - -11 - -6)
-11
-28 - (6 - 6 - 21)
-7
What is the value of (10 - 5) + -3 + -79 + 5 + (-53 - -41)?
-84
Evaluate -1 - (-2 + 8) - (28 + (-5 - 12) + -4).
-14
What is the value of -44 - (-63 - 36 - -4)?
51
Evaluate 34 + (31 - (-15 - -50)).
30
Calculate -98 + -8 + -19 + 39.
-86
Calculate -62 - 1 - ((-46 - -45 - 31) + 38).
-69
What is the value of 9 - 6 - (77 + (-15 - -7 - 7))?
-59
What is the value of -2 - (2 - -3) - (-5934 + 5973)?
-46
Calculate -24 + (-33 + -4 - -96).
35
What is -9 + (37 - (13 - -1 - (-70 - -81)))?
25
What is 101 + -162 + (-4 - -35)?
-30
What is the value of 1 + 1 + -10 - (11 - 12 - 7 - -40)?
-40
Evaluate (-46 - 2) + -588 + 685.
49
Calculate -129 - (-19 + -86 + 36).
-60
Calculate (4 - 25) + (-19 - (-22 + 41 - 23)).
-36
Evaluate (4 + 13 - 6 - 19) + 9 - 26.
-25
Evaluate (40 - 2) + (-108 - (166 + -93)).
-143
100 - (-62 + 34 + 91)
37
Evaluate 37 - (13 + -13 + (5 - -7 - 6) + -3).
34
-16 + (13 - 5) - (-19 + (-2 - -12 - 0))
1
82 - (172 + -25) - 21
-86
What is the value of -6 + 0 - (-890 + 867 - (2 + -20))?
-1
What is 631 + -587 + -96 + -5?
-57
What is the value of 39 + 70 + (-34 - (-38 - -38))?
75
Evaluate -5183 + 5198 - (3 + -1 - 16).
29
Evaluate (-1 - -50) + (-161 - (-248 + 111)).
25
What is the value of 5514 - 5474 - (47 + 1)?
-8
Calculate 21 + (6 - 6 - (-4 + 1 + -5 + 3)).
26
What is (28 - (-2 + 2)) + -16?
12
Calculate (5 - 8) + (-19 - -17) + 44 + 1.
40
12 + (-14 - 26 - -31) + (-1 - -58)
60
Evaluate -24958 + 24953 - (0 + 0 - -36 - (1 - 1)).
-41
What is the value of -148 - -161 - (4 + (-1 - (-1 - (7 + -5))))?
7
What is the value of 3 - 21 - 3 - ((42 - -31) + -71)?
-23
What is (-36 + -64 + -44 - -20) + 43?
-81
Calculate 36 + -103 + -22 + 34 + 14.
-41
What is the value of -19 + (95 - 11) + 10?
75
What is the value of -10 + 0 + 78 + -80 + -5?
-17
What is 24 + 0 - (225 + -133) - -21?
-47
Evaluate (-38 + 120 - 88) + (-2 + 2 - 59).
-65
Calculate 4 + (44 - (-13 + 23) - 13) + 6.
31
What is the value of -105 - -18 - (-124 + 7)?
30
What is the value of -67 + (28 - (42 - 11)) + 18?
-52
(3 - 7 - -12) + -28 + 19 + 2 + -122
-121
Evaluate -80 - (18 + -79 + 9 + 20).
-48
Evaluate -59 + (-19 - -39) - -89.
50
What is -16 - (795 + -830 - (11 + 1))?
31
What is -72 + 24 + 53 - 48?
-43
What is -3 - (-8 + -2) - -16 - (11 - 1)?
13
What is the value of (-46 - -62) + 1 - (13 - 3)?
7
-236 + (190 - 68) + 16
-98
What is -17 + -51 + 29 + -4?
-43
What is the value of 29 - (-18 - (34 - (107 + -7)))?
-19
(0 - (-31 + -7)) + (0 - -2 - -2 - 11)
31
Calculate (-20 + 3 - -8 - -10) + -22 + 0.
-21
What is (2 - -58) + -32 + (14 - (8 + -20)) + 8?
62
What is (-4 - 53) + 3 - (45 - (65 + -16 + -13))?
-63
What is (28 - -12 - 1) + -18 - -10?
31
What is the value of -5 - (-18 - (-48 - (7 - 10)))?
-32
What is the value of -4 + 17 - (-9 - -13) - 7 - 27?
-25
Calculate -42 + 39 + 76 + -108.
-35
What is (22 - (1 + 10) - (-32 - -18)) + 10?
35
6 - ((0 + 0 - (-4 + 51)) + (2895 - 2893))
51
Evaluate (4 - -11) + -110 + -24 + 23 + 20.
-76
Calculate -204 + 208 + (-1 + -3 - (9 + -11)) + -54.
-52
Evaluate 8 + -61 - (-8 + -15 + -2).
-28
-181 + 164 - ((19 - 0) + -45 + 45)
-36
8 + (-2 - (0 - -1 - (-129 + 122))) + 19
17
Calculate 44 + (-2 - -16 - 7) - 17.
34
Evaluate (757 - 756) + (-3 - -4 - 46).
-44
(0 - -51) + 0 - (24 + 15 + -53 - -17)
48
(-1138 + 1105 - (0 + 0 + 13)) + 1
-45
38 - 16 - 13 - ((8 - 2) + 31)
-28
Calculate (-1 - -13 - (-46 + 61)) + -58 + 18.
-43
Evaluate (-22 - (-18 - (36 + -45))) + 29.
16
Calculate -6 + (6 - -4) - 11 - 14.
-21
Evaluate 44 + (37 - 41) - 57.
-17
Calculate -2 + 35 - (25 + -7) - (-19 - 6).
40
What is 15 - ((-512 - -531) + (-51 - 0))?
47
Calculate -6 + 11 - (-3 - (10 - -4)).
22
(135 - 121) + 39 + (7 - (-1 + 3 - 1))
59
What is (-11 - (4 - 8)) + 19 - (47 + 20)?
-55
What is the value of 42 - (-29 - (-82 + 42))?
31
0 + (-11 + 25 - (11 + 26)) + -61
-84
What is 0 - (-42 + 41 + -2 + (64 - 4) + 4)?
-61
(-24 + 17 - -5 - 14) + 23 - (-15 - -3)
19
What is (16 - 16) + -47 + 67?
20
26 + (-3 - -25) + -57
-9
What is the value of -92 + (-18 - (-67 + -3) - 25)?
-65
What is the value of -1681 + 1728 - (108 + -2)?
-59
Evaluate 53 + -28 - 69 - (-11 - -1 - (-8 - -11)).
-31
What is the value of (-93 - 1) + -252 + 324?
-22
What is (116 + -338 - -110) + 183?
71
What is 37 + (-31 - -9) - 78 - 7 - 14?
-84
(-30 + 44 - -5) + 6 + 26 + (3 - 0)
54
Evaluate -15 + (16 - 10) + (-12 - 27).
-48
Evaluate 10 + 0 + (110 - 20 - 69).
31
What is (-30 - -146) + -52 + -50?
14
Evaluate (393 - 449) + -4 + (0 + -2 + 0 - -1).
-61
What is the value of 5 - -40 - (905 + -822)?
-38
-10 + (10 - -31 - (-1 + 4 + -2 + -9))
39
What is 1366 + -1501 - (1 + -2 - (-8 + 0 + 4))?
-138
Calculate -1 - 4 - ((-62 - -28) + 44) - (-98 - 8).
91
What is 22 + (-8 + -2 - -28) + -7?
33
-469 - -496 - (-2 + 0 - (4 - (8 - -1)))
24
What is the value of 72 - 28 - 82 - 7?
-45
Evaluate 62 - (-42 + (37 - (16 + 8) - -11)).
80
What is the value of (5 - (12 - 6)) + -1 + (66 - 9)?
55
Calculate (60 + 8 - 63) + -63.
-58
Calculate (26 + (16 - 42) - (-1 + -1)) + -2 + 127.
127
Evaluate -10 - (-157 - -145 - (4 - (3 - 1))).
4
Evaluate (1 + 0 + -8 - ((53 - -30) + -160)) + 1.
71
Evaluate 27 - ((13 - (31 + -6)) + 16 + 0).
23
What is -46 + -38 + -17 + -5 + 45?
-61
6 + -18 + -1 + (-7 + 4 - -29) - -95
108
(30 - 16) + -57 + -16 + 2
-57
Calculate -2 + (-105 + 205 - (2 + -2 + -3 + -4)).
105
Evaluate -128 + (0 + 2 - -1) + -92 + 24 + 57.
-136
What is the value of 11 - 23 - (-47 + 28) - 17?
-10
Evaluate 98 + -95 + -25 + 4 + -2 + 8.
-12
Calculate -12 - -36 - (-9 - -64) - -11.
-20
Calculate (70 - -36) + (-54 - -12) + 0 + 0 + -1.
63
What is (2 - 